{"id":2716,"date":"2024-10-04T16:19:25","date_gmt":"2024-10-04T15:19:25","guid":{"rendered":"https:\/\/www.paroquiasamoracorreia.pt\/v2\/?page_id=2716"},"modified":"2024-10-04T23:18:06","modified_gmt":"2024-10-04T22:18:06","slug":"confissoes","status":"publish","type":"page","link":"https:\/\/www.paroquiasamoracorreia.pt\/v2\/confissoes\/","title":{"rendered":"Confiss\u00f5es"},"content":{"rendered":"\n<p><\/p>\n\n\n\n<p class=\"has-black-color has-text-color has-medium-font-size\"><\/p>\n\n\n\n<div class=\"wp-block-columns is-layout-flex wp-container-core-columns-is-layout-9d6595d7 wp-block-columns-is-layout-flex\">\n<div class=\"wp-block-column is-layout-flow wp-block-column-is-layout-flow\">\n<p class=\"has-black-color has-text-color has-medium-font-size\"><strong>Hor\u00e1rios para a Confiss\u00e3o<\/strong><\/p>\n\n\n\n<ul style=\"background-color:#a2ff008f\" class=\"has-black-color has-text-color has-background has-link-color wp-block-list wp-elements-0b578746778fcb625bb8368848887e64\">\n<li style=\"font-size:18px\"><strong>3\u00aa e 4\u00aa feira &#8211; 19h45<\/strong><\/li>\n\n\n\n<li style=\"font-size:18px\"><strong>5\u00aa feira: 9h00 \u00e0s 10h00<\/strong><\/li>\n<\/ul>\n\n\n\n<div style=\"height:43px\" aria-hidden=\"true\" class=\"wp-block-spacer\"><\/div>\n\n\n\n<h2 class=\"wp-block-heading has-medium-font-size\"><strong>O que \u00e9 a confiss\u00e3o?<\/strong><\/h2>\n\n\n\n<p>\u201cO sacramento da Reconcilia\u00e7\u00e3o \u00e9 um sacramento de cura. Quando me confesso \u00e9 para me curar, para curar a minha alma, o meu cora\u00e7\u00e3o e algo de mal que cometi\u201d.<\/p>\n\n\n\n<h2 class=\"wp-block-heading has-medium-font-size\"><strong>Porqu\u00ea confessar-se?<\/strong><\/h2>\n\n\n\n<p>Explica o Papa Francisco que \u201co perd\u00e3o dos nossos pecados n\u00e3o \u00e9 algo que possamos dar a n\u00f3s mesmos. Eu n\u00e3o posso dizer: perdoo os meus pecados. O perd\u00e3o \u00e9 pedido a outra pessoa e na Confiss\u00e3o pedimos o perd\u00e3o a Jesus. O perd\u00e3o n\u00e3o \u00e9 fruto dos nossos esfor\u00e7os, mas uma d\u00e1diva, \u00e9 um dom do Esp\u00edrito Santo\u201d.<\/p>\n\n\n\n<div style=\"height:38px\" aria-hidden=\"true\" class=\"wp-block-spacer\"><\/div>\n<\/div>\n\n\n\n<div class=\"wp-block-column is-layout-flow wp-block-column-is-layout-flow\">\n<div style=\"height:100px\" aria-hidden=\"true\" class=\"wp-block-spacer\"><\/div>\n\n\n<div class=\"wp-block-image\">\n<figure class=\"aligncenter size-full is-resized\"><img decoding=\"async\" width=\"2227\" height=\"1485\" src=\"https:\/\/www.paroquiasamoracorreia.pt\/v2\/wp-content\/uploads\/2024\/10\/vytas_sdb-1569046036181-cathopic.jpg\" alt=\"\" class=\"wp-image-2717\" style=\"width:438px;height:245px\"\/><\/figure><\/div><\/div>\n<\/div>\n\n\n\n<h5 class=\"wp-block-heading has-medium-font-size\"><strong>Exame de consci\u00eancia<\/strong><\/h5>\n\n\n\n<p>O exame de consci\u00eancia consiste em refletir sobretudo aquilo que nos tenha podido afastar de Deus<\/p>\n\n\n\n<p>\u201cQue conselhos daria a um penitente para fazer uma boa confiss\u00e3o? \u2013 pergunta-se ao Papa Francisco \u2013 Que pense na verdade da sua vida frente a Deus, o que sente, o que pensa. Que saiba olhar com sinceridade para si mesmo e para o seu pecado. E que se sinta pecador, que se deixe surpreender, surpreendido por Deus\u201d.<\/p>\n\n\n\n<p>O exame de consci\u00eancia consiste em refletir sobre aquelas a\u00e7\u00f5es, pensamentos ou palavras que nos tenham podido afastar de Deus, ofender os outros ou causar-nos dano interiormente.<\/p>\n\n\n\n<p>\u00c9 o momento de ser sinceros consigo pr\u00f3prio e com Deus, sabendo que Ele n\u00e3o quer que os nossos pecados passados nos oprimam, antes deseja libertar-nos deles para podermos viver como bons filhos seus.<\/p>\n\n\n\n<p>Indicamos algumas perguntas para ajudar a refletir sobre aquilo de que podemos pedir perd\u00e3o a Deus. Servem apenas como uma orienta\u00e7\u00e3o: o mais importante \u00e9 entrar no pr\u00f3prio cora\u00e7\u00e3o e admitir as pr\u00f3prias faltas. Se queremos, durante a confiss\u00e3o podemos pedir ao sacerdote que nos ajude propondo-nos outras quest\u00f5es.<\/p>\n\n\n\n<p>\u2013 Exame de consci\u00eancia para crian\u00e7as<\/p>\n\n\n\n<p>\u2013 Exame de consci\u00eancia para jovens<\/p>\n\n\n\n<p>\u2013 Exame de consci\u00eancia para adultos <\/p>\n\n\n\n<div style=\"height:48px\" aria-hidden=\"true\" class=\"wp-block-spacer\"><\/div>\n\n\n\n<p class=\"has-medium-font-size\"><strong>Guia para a Confiss\u00e3o<\/strong><\/p>\n\n\n\n<p>Abaixo poder\u00e1 consultar um guia para a confiss\u00e3o para crian\u00e7as, jovens e adultos.<\/p>\n\n\n\n<div class=\"wp-block-pdfjsblock-pdfjs-embed pdfjs-wrapper\"><\/div>\n ","protected":false},"excerpt":{"rendered":"<p>Hor\u00e1rios para a Confiss\u00e3o O que \u00e9 a confiss\u00e3o? \u201cO sacramento da Reconcilia\u00e7\u00e3o \u00e9 um sacramento de cura. Quando me confesso \u00e9 para me curar, para curar a minha alma, o meu cora\u00e7\u00e3o e algo de mal que cometi\u201d. Porqu\u00ea confessar-se? Explica o Papa Francisco que \u201co perd\u00e3o dos nossos pecados n\u00e3o \u00e9 algo que [&hellip;]<\/p>\n","protected":false},"author":1,"featured_media":0,"parent":0,"menu_order":0,"comment_status":"closed","ping_status":"closed","template":"","meta":{"footnotes":""},"class_list":["post-2716","page","type-page","status-publish","hentry"],"rttpg_featured_image_url":null,"rttpg_author":{"display_name":"hugo","author_link":"https:\/\/www.paroquiasamoracorreia.pt\/v2\/author\/hugo\/"},"rttpg_comment":0,"rttpg_category":null,"rttpg_excerpt":"Hor\u00e1rios para a Confiss\u00e3o O que \u00e9 a confiss\u00e3o? \u201cO sacramento da Reconcilia\u00e7\u00e3o \u00e9 um sacramento de cura. Quando me confesso \u00e9 para me curar, para curar a minha alma, o meu cora\u00e7\u00e3o e algo de mal que cometi\u201d. Porqu\u00ea confessar-se? Explica o Papa Francisco que \u201co perd\u00e3o dos nossos pecados n\u00e3o \u00e9 algo que&hellip;","_links":{"self":[{"href":"https:\/\/www.paroquiasamoracorreia.pt\/v2\/wp-json\/wp\/v2\/pages\/2716","targetHints":{"allow":["GET"]}}],"collection":[{"href":"https:\/\/www.paroquiasamoracorreia.pt\/v2\/wp-json\/wp\/v2\/pages"}],"about":[{"href":"https:\/\/www.paroquiasamoracorreia.pt\/v2\/wp-json\/wp\/v2\/types\/page"}],"author":[{"embeddable":true,"href":"https:\/\/www.paroquiasamoracorreia.pt\/v2\/wp-json\/wp\/v2\/users\/1"}],"replies":[{"embeddable":true,"href":"https:\/\/www.paroquiasamoracorreia.pt\/v2\/wp-json\/wp\/v2\/comments?post=2716"}],"version-history":[{"count":17,"href":"https:\/\/www.paroquiasamoracorreia.pt\/v2\/wp-json\/wp\/v2\/pages\/2716\/revisions"}],"predecessor-version":[{"id":2741,"href":"https:\/\/www.paroquiasamoracorreia.pt\/v2\/wp-json\/wp\/v2\/pages\/2716\/revisions\/2741"}],"wp:attachment":[{"href":"https:\/\/www.paroquiasamoracorreia.pt\/v2\/wp-json\/wp\/v2\/media?parent=2716"}],"curies":[{"name":"wp","href":"https:\/\/api.w.org\/{rel}","templated":true}]}}

Confissões

<p></p>



<p class="has-black-color has-text-color has-medium-font-size"></p>



<div class="wp-block-columns is-layout-flex wp-container-core-columns-is-layout-9d6595d7 wp-block-columns-is-layout-flex">
<div class="wp-block-column is-layout-flow wp-block-column-is-layout-flow">
<p class="has-black-color has-text-color has-medium-font-size"><strong>Horários para a Confissão</strong></p>



<ul style="background-color:#a2ff008f" class="has-black-color has-text-color has-background has-link-color wp-block-list wp-elements-0b578746778fcb625bb8368848887e64">
<li style="font-size:18px"><strong>3ª e 4ª feira &#8211; 19h45</strong></li>



<li style="font-size:18px"><strong>5ª feira: 9h00 às 10h00</strong></li>
</ul>



<div style="height:43px" aria-hidden="true" class="wp-block-spacer"></div>



<h2 class="wp-block-heading has-medium-font-size"><strong>O que é a confissão?</strong></h2>



<p>“O sacramento da Reconciliação é um sacramento de cura. Quando me confesso é para me curar, para curar a minha alma, o meu coração e algo de mal que cometi”.</p>



<h2 class="wp-block-heading has-medium-font-size"><strong>Porquê confessar-se?</strong></h2>



<p>Explica o Papa Francisco que “o perdão dos nossos pecados não é algo que possamos dar a nós mesmos. Eu não posso dizer: perdoo os meus pecados. O perdão é pedido a outra pessoa e na Confissão pedimos o perdão a Jesus. O perdão não é fruto dos nossos esforços, mas uma dádiva, é um dom do Espírito Santo”.</p>



<div style="height:38px" aria-hidden="true" class="wp-block-spacer"></div>
</div>



<div class="wp-block-column is-layout-flow wp-block-column-is-layout-flow">
<div style="height:100px" aria-hidden="true" class="wp-block-spacer"></div>


<div class="wp-block-image">
<figure class="aligncenter size-full is-resized"><img decoding="async" width="2227" height="1485" src="https://www.paroquiasamoracorreia.pt/v2/wp-content/uploads/2024/10/vytas_sdb-1569046036181-cathopic.jpg" alt="" class="wp-image-2717" style="width:438px;height:245px"/></figure></div></div>
</div>



<h5 class="wp-block-heading has-medium-font-size"><strong>Exame de consciência</strong></h5>



<p>O exame de consciência consiste em refletir sobretudo aquilo que nos tenha podido afastar de Deus</p>



<p>“Que conselhos daria a um penitente para fazer uma boa confissão? – pergunta-se ao Papa Francisco – Que pense na verdade da sua vida frente a Deus, o que sente, o que pensa. Que saiba olhar com sinceridade para si mesmo e para o seu pecado. E que se sinta pecador, que se deixe surpreender, surpreendido por Deus”.</p>



<p>O exame de consciência consiste em refletir sobre aquelas ações, pensamentos ou palavras que nos tenham podido afastar de Deus, ofender os outros ou causar-nos dano interiormente.</p>



<p>É o momento de ser sinceros consigo próprio e com Deus, sabendo que Ele não quer que os nossos pecados passados nos oprimam, antes deseja libertar-nos deles para podermos viver como bons filhos seus.</p>



<p>Indicamos algumas perguntas para ajudar a refletir sobre aquilo de que podemos pedir perdão a Deus. Servem apenas como uma orientação: o mais importante é entrar no próprio coração e admitir as próprias faltas. Se queremos, durante a confissão podemos pedir ao sacerdote que nos ajude propondo-nos outras questões.</p>



<p>– Exame de consciência para crianças</p>



<p>– Exame de consciência para jovens</p>



<p>– Exame de consciência para adultos </p>



<div style="height:48px" aria-hidden="true" class="wp-block-spacer"></div>



<p class="has-medium-font-size"><strong>Guia para a Confissão</strong></p>



<p>Abaixo poderá consultar um guia para a confissão para crianças, jovens e adultos.</p>



<div class="wp-block-pdfjsblock-pdfjs-embed pdfjs-wrapper"></div>

<p>Horários para a Confissão O que é a confissão? “O sacramento da Reconciliação é um sacramento de cura. Quando me confesso é para me curar, para curar a minha alma, o meu coração e algo de mal que cometi”. Porquê confessar-se? Explica o Papa Francisco que “o perdão dos nossos pecados não é algo que [&hellip;]</p>

Horários para a Confissão O que é a confissão? “O sacramento da Reconciliação é um sacramento de cura. Quando me confesso é para me curar, para curar a minha alma, o meu coração e algo de mal que cometi”. Porquê confessar-se? Explica o Papa Francisco que “o perdão dos nossos pecados não é algo que&hellip;
