{"id":1287,"date":"2022-09-09T16:01:11","date_gmt":"2022-09-09T15:01:11","guid":{"rendered":"https:\/\/www.paroquiasamoracorreia.pt\/v2\/?page_id=1287"},"modified":"2022-09-09T16:09:33","modified_gmt":"2022-09-09T15:09:33","slug":"historia-paroquia","status":"publish","type":"page","link":"https:\/\/www.paroquiasamoracorreia.pt\/v2\/historia-paroquia\/","title":{"rendered":"Hist\u00f3ria Par\u00f3quia"},"content":{"rendered":"<div class=\"wp-block-image\">\n<figure class=\"aligncenter size-full is-resized\"><img decoding=\"async\" src=\"https:\/\/www.paroquiasamoracorreia.pt\/v2\/wp-content\/uploads\/2022\/09\/topo.png\" alt=\"\" class=\"wp-image-1289\" width=\"365\" height=\"133\"\/><\/figure><\/div>\n\n\n<div style=\"height:21px\" aria-hidden=\"true\" class=\"wp-block-spacer\"><\/div>\n\n\n\n<p class=\"has-black-color has-text-color has-medium-font-size\"><em><strong>HIST\u00d3RIA ADMINISTRATIVA\/BIOGR\u00c1FICA\/FAMILIAR<\/strong><\/em><\/p>\n\n\n\n<p style=\"font-size:15px\">Concelho: Benavente<br><br>Localidade: Samora Correia<\/p>\n\n\n\n<p style=\"font-size:15px\">Orago: Nossa Senhora da Oliveira<\/p>\n\n\n\n<p style=\"font-size:15px\"><\/p>\n\n\n\n<p style=\"font-size:15px\">Lugares: Alto Catal\u00e3o, Arneiro das Pedras, Arneiro dos Ciganos, Belmonte, Bra\u00e7o de Prata, Brejo,<br>Cabe\u00e7o da Marinha, Camarate, Carregueira, Carro Quebrado, Catapereiro, Espragueira, Espragueira<br>de Cima, Esteval da Curta, Fontainhas, Fonte do Lobo, Malhadas de Meias, Malhadinhas, Monte<br>Cabido, Pancas, Paul da Vala, Porto Alto, Samora Correia e Samorena.<\/p>\n\n\n\n<p style=\"font-size:15px\">Casais\/Montes: Arneiro Grande, Formiga e Paul de Belmonte.<\/p>\n\n\n\n<p style=\"font-size:15px\">Quintas: Jo\u00e3o Folheiro, Monte Bernardo, Murteira e Quinta dos Gatos.<\/p>\n\n\n\n<p style=\"font-size:15px\">S\u00edtios: Ameixial, Cafarro, Herdeiros, Meloal do Contrato e Paul das Lavouras (AC).<\/p>\n\n\n\n<p style=\"font-size:15px\"><br>Data de 1295 a primeira men\u00e7\u00e3o escrita a Samora Correia. Em 13 de abril de 1510 recebeu foral dado por D. Manuel I. O antigo concelho de Samora Correia aparecia em 1527, no Cadastro, com uma s\u00f3 freguesia, de invoca\u00e7\u00e3o de Nossa Senhora da Oliveira, priorado da Ordem de Santiago. O rei recebia as sisas e as ter\u00e7as e o Bispo de \u00c9vora recebia o quarto dos d\u00edzimos. A alcaidaria, a jurisdi\u00e7\u00e3o e as rendas estavam sob a al\u00e7ada do Mestre da Ordem de Santiago.<br>Pertenceu \u00e0 Casa de Aveiro at\u00e9 13 janeiro de 1759, data em que \u00e9 supliciado o 8.\u00ba duque de Aveiro, 8.\u00ba conde de Santa Cruz e 5.\u00ba marqu\u00eas de Gouveia, por alegadas implica\u00e7\u00f5es no atentado a D. Jos\u00e9 I, a 3 de setembro de 1759, passando para a Coroa. O p\u00e1roco era prior apresentado pela Mesa da Consci\u00eancia e Ordens, com confirma\u00e7\u00e3o r\u00e9gia, de entre freires da Ordem de Santiago. <br>A paroquial tinha ainda dois beneficiados da mesma Ordem nomeados da mesma forma. Tinha Miseric\u00f3rdia e cinco ermidas, a saber: do Esp\u00edrito Santo, na vila, onde os irm\u00e3os da Miseric\u00f3rdia faziam os seus atos, de Santa Ana, perto da vila, pertencente a Jos\u00e9 de Magalh\u00e3es e Brito, escriv\u00e3o do crime da cidade de Lisboa, de Nossa Senhora de Guadalupe, a um quarto de l\u00e9gua, administrada pela C\u00e2mara, pertencente \u00e0 Mesa da Consci\u00eancia e Ordens, de S\u00e3o Jo\u00e3o de Belmonte, a duas l\u00e9guas, pertencente e administrada pela Casa de Aveiro e a do Senhor Jesus, tamb\u00e9m a duas l\u00e9guas, na quinta de Pancas, pertencente a D. Rodrigo de Noronha. Acorriam romagens \u00e0s de Nossa Senhora de Guadalupe e do Esp\u00edrito Santo.<br>Atualmente esta par\u00f3quia pertence \u00e0 diocese de \u00c9vora, arciprestado de Coruche.<\/p>\n\n\n\n<div style=\"height:22px\" aria-hidden=\"true\" class=\"wp-block-spacer\"><\/div>\n\n\n\n<p class=\"has-black-color has-text-color has-medium-font-size\"><em><strong>HIST\u00d3RIA CUSTODIAL E ARQUIV\u00cdSTICA<\/strong><\/em><\/p>\n\n\n\n<p style=\"font-size:15px\">Em geral, os originais estiveram na posse da igreja paroquial at\u00e9 1859. O decreto de 19 de agosto do dito ano ordenou que os livros e documentos de registo paroquial fossem arquivados nas C\u00e2maras Eclesi\u00e1sticas, ficando os duplicados guardados nas par\u00f3quias. O decreto de 18 de fevereiro de 1911 (DG n\u00ba 41, de 20 de fevereiro de 1911) que instituiu o Registo Civil obrigat\u00f3rio, ordenou que os livros de registo paroquial existentes nas C\u00e2maras Eclesi\u00e1sticas, bem como os originais e duplicados, conservados pelos p\u00e1rocos, \u00e0 medida que cessassem fun\u00e7\u00f5es nas respetivas par\u00f3quias, fossem transferidos para as competentes Conservat\u00f3rias do Registo Civil. Em 1916 (decreto n.\u00ba 2225, de 18\u00a0 de fevereiro), com o fim de recolher os registos paroquiais, nos termos do decreto n\u00ba 1630 de 9 de junho de 1915, \u00e9 criado o Arquivo dos Registos Paroquiais, Registo Civil, anexo ao Arquivo Nacional, que pelo decreto de 18 de maio de 1918, era tamb\u00e9m arquivo dos distritos de Lisboa e Santar\u00e9m.<br>Com sede no extinto pa\u00e7o episcopal de S\u00e3o Vicente de Fora \u00e9 transferido, em 1953, para um r\u00e9s\u00ad do ch\u00e3o na Rua dos Prazeres,<br>e em 1972 para o Arquivo Nacional da Torre do Tombo, no Pal\u00e1cio de S\u00e3o Bento, onde permaneceu at\u00e9 1990, data da transfer\u00eancia e inaugura\u00e7\u00e3o do edif\u00edcio pr\u00f3prio no Campo Grande. O Arquivo Distrital de Santar\u00e9m, criado pelo decreto n.\u00ba 46.350, de 22 de maio de 1965, inicia fun\u00e7\u00f5es em 1974. Permanecem na posse do Arquivo Distrital de Lisboa (Torre do Tombo) originais at\u00e9 meados do s\u00e9c. XIX e duplicados at\u00e9 \u00e0 cria\u00e7\u00e3o do Registo Civil obrigat\u00f3rio.<\/p>\n ","protected":false},"excerpt":{"rendered":"<p>HIST\u00d3RIA ADMINISTRATIVA\/BIOGR\u00c1FICA\/FAMILIAR Concelho: Benavente Localidade: Samora Correia Orago: Nossa Senhora da Oliveira Lugares: Alto Catal\u00e3o, Arneiro das Pedras, Arneiro dos Ciganos, Belmonte, Bra\u00e7o de Prata, Brejo,Cabe\u00e7o da Marinha, Camarate, Carregueira, Carro Quebrado, Catapereiro, Espragueira, Espragueirade Cima, Esteval da Curta, Fontainhas, Fonte do Lobo, Malhadas de Meias, Malhadinhas, MonteCabido, Pancas, Paul da Vala, Porto Alto, Samora [&hellip;]<\/p>\n","protected":false},"author":1,"featured_media":0,"parent":0,"menu_order":0,"comment_status":"closed","ping_status":"closed","template":"","meta":{"footnotes":""},"class_list":["post-1287","page","type-page","status-publish","hentry"],"rttpg_featured_image_url":null,"rttpg_author":{"display_name":"hugo","author_link":"https:\/\/www.paroquiasamoracorreia.pt\/v2\/author\/hugo\/"},"rttpg_comment":0,"rttpg_category":null,"rttpg_excerpt":"HIST\u00d3RIA ADMINISTRATIVA\/BIOGR\u00c1FICA\/FAMILIAR Concelho: Benavente Localidade: Samora Correia Orago: Nossa Senhora da Oliveira Lugares: Alto Catal\u00e3o, Arneiro das Pedras, Arneiro dos Ciganos, Belmonte, Bra\u00e7o de Prata, Brejo,Cabe\u00e7o da Marinha, Camarate, Carregueira, Carro Quebrado, Catapereiro, Espragueira, Espragueirade Cima, Esteval da Curta, Fontainhas, Fonte do Lobo, Malhadas de Meias, Malhadinhas, MonteCabido, Pancas, Paul da Vala, Porto Alto, Samora&hellip;","_links":{"self":[{"href":"https:\/\/www.paroquiasamoracorreia.pt\/v2\/wp-json\/wp\/v2\/pages\/1287","targetHints":{"allow":["GET"]}}],"collection":[{"href":"https:\/\/www.paroquiasamoracorreia.pt\/v2\/wp-json\/wp\/v2\/pages"}],"about":[{"href":"https:\/\/www.paroquiasamoracorreia.pt\/v2\/wp-json\/wp\/v2\/types\/page"}],"author":[{"embeddable":true,"href":"https:\/\/www.paroquiasamoracorreia.pt\/v2\/wp-json\/wp\/v2\/users\/1"}],"replies":[{"embeddable":true,"href":"https:\/\/www.paroquiasamoracorreia.pt\/v2\/wp-json\/wp\/v2\/comments?post=1287"}],"version-history":[{"count":9,"href":"https:\/\/www.paroquiasamoracorreia.pt\/v2\/wp-json\/wp\/v2\/pages\/1287\/revisions"}],"predecessor-version":[{"id":1301,"href":"https:\/\/www.paroquiasamoracorreia.pt\/v2\/wp-json\/wp\/v2\/pages\/1287\/revisions\/1301"}],"wp:attachment":[{"href":"https:\/\/www.paroquiasamoracorreia.pt\/v2\/wp-json\/wp\/v2\/media?parent=1287"}],"curies":[{"name":"wp","href":"https:\/\/api.w.org\/{rel}","templated":true}]}}